{"id":7877,"date":"2026-04-07T14:06:19","date_gmt":"2026-04-07T17:06:19","guid":{"rendered":"https:\/\/sbdesigner.com.br\/?post_type=product&#038;p=7877"},"modified":"2026-04-07T14:15:30","modified_gmt":"2026-04-07T17:15:30","slug":"sacola-mimosa","status":"publish","type":"product","link":"https:\/\/sbdesigner.com.br\/index.php\/product\/sacola-mimosa\/","title":{"rendered":"Sacola Mimosa"},"content":{"rendered":"<p><strong>Tamanho Aprox: <\/strong>14cm de comprimento; 7cm de largura; 16cm de altura.<\/p>\n<p>DESCRI\u00c7\u00c3O DO PRODUTO \u2661<\/p>\n<p>Papel: Offset Chambril 180G<br \/>\nAl\u00e7a e la\u00e7o: O que combinar com a paleta de cores do cliente e tiver dispon\u00edvel.<\/p>\n<p><strong>*Obs: Pagamento via pix possui 5% de desconto<\/strong><\/p>\n<p>25 sacolas s\/ la\u00e7o: a uni sai aprox R$9,50 a unidade via pix<br \/>\n25 sacolas c\/ la\u00e7o: a uni sai aprox R$11,80 a unidade via pix<\/p>\n<p><strong>\u00a0<\/strong><\/p>\n<p><strong>&#8212;&#8212;&#8212;&#8212;&#8212;&#8212;&#8212;&#8212;&#8212;&#8212;&#8212;&#8212;&#8212;&#8212;&#8212;&#8212;&#8212;&#8212;&#8212;&#8212;&#8212;&#8212;&#8212;&#8212;&#8212;&#8212;&#8212;&#8212;&#8212;&#8212;&#8212;&#8212;&#8212;&#8212;&#8212;&#8212;&#8212;-<\/strong><\/p>\n<p><strong>PROCESSO DE CRIA\u00c7\u00c3O \u2661<\/strong><\/p>\n<p><em style=\"font-size: 16px;\"><strong>IMPORTANTE:<\/strong> Caso seja para inserir o Logotipo, \u00e9 necess\u00e1rio que o cliente possua o logo edit\u00e1vel para a cria\u00e7\u00e3o desse produto nos formatos: Illustrator ou EPS. N\u00e3o aceitamos em JPEG (imagem). Caso o cliente n\u00e3o possua um logotipo e tenha interesse em criar um, ele pode ir na categoria de &#8220;Identidade Visual&#8221; do nosso site e conferir os nossos pacotes. Apenas com efeito metalizado que conseguimos o fundo com cor escura, por\u00e9m \u00e9 necess\u00e1rio verificar antes da compra, pois n\u00e3o \u00e9 em todos os casos que conseguimos produzir com efeito metalizado.<\/em><\/p>\n<p><strong>Cores:<\/strong> As cores de impress\u00e3o podem variar dependendo do tipo de papel, impressora e computador. N\u00e3o garantimos fidelidade de cores em nenhuma hip\u00f3tese. Os impressos poder\u00e3o apresentar varia\u00e7\u00e3o de intensidade e tonalidade das cores, em rela\u00e7\u00e3o ao monitor ou \u00e0 prova impressa, bem como em rela\u00e7\u00e3o \u00e0s reeimpress\u00f5es.<\/p>\n<p><em><strong>Obs importante:<\/strong><br \/>\n&#8211; N\u00e3o \u00e9 poss\u00edvel comprar uma quantidade e dividir ela. Exemplo: Voc\u00ea comprar 10 unidades e fazer 5 de cada arte, o valor estabelecido neste produto \u00e9 referente \u00e0 uma tiragem por arte. Caso voc\u00ea queira 2 artes diferentes \u00e9 necess\u00e1rio comprar 2x unidades, ou seja : 10 e 10.<br \/>\n&#8211; As sacolas que s\u00e3o enviadas s\u00e3o dobradas, assim como as demais, e consequentemente as laterais das sacolas s\u00e3o amassadas levemente (o que \u00e9 normal, pois acabou dobrando). Em caso de d\u00favidas ou mais informa\u00e7\u00f5es, n\u00e3o deixe de entrar em contato conosco atrav\u00e9s do nosso WhatsApp.<br \/>\n<\/em><\/p>\n<p><strong>PRAZO \u2661<\/strong><\/p>\n<p>4 dias \u00fateis para a elabora\u00e7\u00e3o da arte e envio para o cliente aprovar (caso tenha altera\u00e7\u00f5es por parte do cliente o prazo pode aumentar) + 10 \u00e0 15 dias \u00fateis para a produ\u00e7\u00e3o do material\u00a0 + prazo do transporte para entrega.<\/p>\n<p><strong>ENTREGA \u2661<\/strong><\/p>\n<ul>\n<li>Voc\u00ea pode clicar na op\u00e7\u00e3o de retirada e vim retirar ou ent\u00e3o solicitar um Uber.<\/li>\n<li>Correios (Sedex ou Pac).<\/li>\n<li><strong>Ressaltamos que <\/strong>os Correios \u00e9 uma empresa terceirizada, assim como a Uber. <strong>N\u00e3o \u00e9 responsabilidade da SB sob nenhuma hip\u00f3tese<\/strong>, tais bem como atrasos, extravios, n\u00e3o recebimento do destinat\u00e1rio, danos, greve, entre outros. Pois s\u00e3o entregas feitas por terceiros.<\/li>\n<li>Ao prosseguir com o pedido voc\u00ea declara estar de acordo com todas as informa\u00e7\u00f5es passadas acima.<\/li>\n<\/ul>\n","protected":false},"excerpt":{"rendered":"<p>Tamanho Aprox: 14cm de comprimento; 7cm de largura; 16cm de altura. DESCRI\u00c7\u00c3O DO PRODUTO \u2661 Papel: Offset Chambril 180G Al\u00e7a e la\u00e7o: O que combinar com a paleta de cores do cliente e tiver dispon\u00edvel. *Obs: Pagamento via pix possui 5% de desconto 25 sacolas s\/ la\u00e7o: a uni sai aprox R$9,50 a unidade via [&hellip;]<\/p>\n","protected":false},"featured_media":7879,"template":"","meta":{"site-sidebar-layout":"default","site-content-layout":"default","ast-site-content-layout":"default","site-content-style":"default","site-sidebar-style":"default","ast-global-header-display":"","ast-banner-title-visibility":"","ast-main-header-display":"","ast-hfb-above-header-display":"","ast-hfb-below-header-display":"","ast-hfb-mobile-header-display":"","site-post-title":"","ast-breadcrumbs-content":"","ast-featured-img":"","footer-sml-layout":"","theme-transparent-header-meta":"default","adv-header-id-meta":"","stick-header-meta":"","header-above-stick-meta":"","header-main-stick-meta":"","header-below-stick-meta":"","astra-migrate-meta-layouts":"set","ast-page-background-enabled":"default","ast-page-background-meta":{"desktop":{"background-color":"","background-image":"","background-repeat":"repeat","background-position":"center center","background-size":"auto","background-attachment":"scroll","background-type":"","background-media":"","overlay-type":"","overlay-color":"","overlay-opacity":"","overlay-gradient":""},"tablet":{"background-color":"","background-image":"","background-repeat":"repeat","background-position":"center center","background-size":"auto","background-attachment":"scroll","background-type":"","background-media":"","overlay-type":"","overlay-color":"","overlay-opacity":"","overlay-gradient":""},"mobile":{"background-color":"","background-image":"","background-repeat":"repeat","background-position":"center center","background-size":"auto","background-attachment":"scroll","background-type":"","background-media":"","overlay-type":"","overlay-color":"","overlay-opacity":"","overlay-gradient":""}},"ast-content-background-meta":{"desktop":{"background-color":"var(--ast-global-color-5)","background-image":"","background-repeat":"repeat","background-position":"center center","background-size":"auto","background-attachment":"scroll","background-type":"","background-media":"","overlay-type":"","overlay-color":"","overlay-opacity":"","overlay-gradient":""},"tablet":{"background-color":"var(--ast-global-color-5)","background-image":"","background-repeat":"repeat","background-position":"center center","background-size":"auto","background-attachment":"scroll","background-type":"","background-media":"","overlay-type":"","overlay-color":"","overlay-opacity":"","overlay-gradient":""},"mobile":{"background-color":"var(--ast-global-color-5)","background-image":"","background-repeat":"repeat","background-position":"center center","background-size":"auto","background-attachment":"scroll","background-type":"","background-media":"","overlay-type":"","overlay-color":"","overlay-opacity":"","overlay-gradient":""}}},"product_brand":[],"product_cat":[37],"product_tag":[221,130,133,132,223,500,509,501,134,511,359,356,510,358,502,512,153,254,131,88],"class_list":{"0":"post-7877","1":"product","2":"type-product","3":"status-publish","4":"has-post-thumbnail","6":"product_cat-papelaria-personalizada","7":"product_tag-acessorios","8":"product_tag-embalagem","9":"product_tag-embalagem-bijuteria","10":"product_tag-embalagem-semijoias","11":"product_tag-joias","12":"product_tag-mini-sacola","13":"product_tag-mini-sacola-mimosa","14":"product_tag-mini-sacolinha","15":"product_tag-sacola","16":"product_tag-sacola-laco","17":"product_tag-sacola-m","18":"product_tag-sacola-media","19":"product_tag-sacola-mimosa","20":"product_tag-sacola-para-oculos","21":"product_tag-sacola-pp","22":"product_tag-sacola-presenteavel","23":"product_tag-sacolas","24":"product_tag-sacolinha","25":"product_tag-sacolinha-semijoias","26":"product_tag-semijoias","27":"product_shipping_class-entrega-fisica-brasil","28":"desktop-align-left","29":"tablet-align-left","30":"mobile-align-left","32":"first","33":"instock","34":"taxable","35":"shipping-taxable","36":"purchasable","37":"product-type-variable"},"_links":{"self":[{"href":"https:\/\/sbdesigner.com.br\/index.php\/wp-json\/wp\/v2\/product\/7877","targetHints":{"allow":["GET"]}}],"collection":[{"href":"https:\/\/sbdesigner.com.br\/index.php\/wp-json\/wp\/v2\/product"}],"about":[{"href":"https:\/\/sbdesigner.com.br\/index.php\/wp-json\/wp\/v2\/types\/product"}],"version-history":[{"count":1,"href":"https:\/\/sbdesigner.com.br\/index.php\/wp-json\/wp\/v2\/product\/7877\/revisions"}],"predecessor-version":[{"id":7882,"href":"https:\/\/sbdesigner.com.br\/index.php\/wp-json\/wp\/v2\/product\/7877\/revisions\/7882"}],"wp:featuredmedia":[{"embeddable":true,"href":"https:\/\/sbdesigner.com.br\/index.php\/wp-json\/wp\/v2\/media\/7879"}],"wp:attachment":[{"href":"https:\/\/sbdesigner.com.br\/index.php\/wp-json\/wp\/v2\/media?parent=7877"}],"wp:term":[{"taxonomy":"product_brand","embeddable":true,"href":"https:\/\/sbdesigner.com.br\/index.php\/wp-json\/wp\/v2\/product_brand?post=7877"},{"taxonomy":"product_cat","embeddable":true,"href":"https:\/\/sbdesigner.com.br\/index.php\/wp-json\/wp\/v2\/product_cat?post=7877"},{"taxonomy":"product_tag","embeddable":true,"href":"https:\/\/sbdesigner.com.br\/index.php\/wp-json\/wp\/v2\/product_tag?post=7877"}],"curies":[{"name":"wp","href":"https:\/\/api.w.org\/{rel}","templated":true}]}}