{"id":7469,"date":"2025-04-22T16:08:51","date_gmt":"2025-04-22T19:08:51","guid":{"rendered":"https:\/\/sbdesigner.com.br\/?post_type=product&#038;p=7469"},"modified":"2025-04-22T17:16:25","modified_gmt":"2025-04-22T20:16:25","slug":"arquivo-digital-monograma-baby","status":"publish","type":"product","link":"https:\/\/sbdesigner.com.br\/index.php\/product\/arquivo-digital-monograma-baby\/","title":{"rendered":"Arquivo Digital | Monograma Baby"},"content":{"rendered":"<p>Arquivo Digital | Monograma<\/p>\n<p><strong>DESCRI\u00c7\u00c3O DO PRODUTO \u2661<br \/>\n<\/strong>(Nenhum produto f\u00edsico)<\/p>\n<p><strong>Processo de Cria\u00e7\u00e3o<\/strong><\/p>\n<ul>\n<li><em>\u00c9 necess\u00e1rio o agendamento?<\/em><br \/>\nSim! Trabalhamos sob agendamento, data para iniciar o projeto e data para entregar.<br \/>\n(Agende a data atrav\u00e9s do WhatsApp, ap\u00f3s a confirma\u00e7\u00e3o do pagamento. Para consulta de data dispon\u00edvel, por favor entrar em contato para verifica\u00e7\u00e3o.) Esteja ciente que, a data s\u00f3 \u00e9 realmente agendada, ap\u00f3s a confirma\u00e7\u00e3o do pagamento. Favor, enviar o comprovante de pagamento via WhatsApp.<\/li>\n<\/ul>\n<p><strong>Como funciona?<\/strong><br \/>\nAp\u00f3s o cliente fazer a compra pelo site e confirmar o pagamento, n\u00f3s agendamos a data para iniciar o projeto e enviamos o briefing (que \u00e9 um question\u00e1rio). Com base nas respostas, n\u00f3s desenvolvemos o projeto. Ap\u00f3s desenvolvido, enviaremos para que o cliente analise e aprove. Caso n\u00e3o aprove de primeira e solicite altera\u00e7\u00e3o, n\u00f3s faremos as altera\u00e7\u00f5es solicitadas e enviaremos novamente. Ap\u00f3s o projeto ser aprovado, enviamos todos os arquivos via e-mail.<\/p>\n<p><strong>Pode fazer altera\u00e7\u00f5es?<\/strong><br \/>\nPode sim! Podem ser feitas at\u00e9 10 altera\u00e7\u00f5es (Como cores, posi\u00e7\u00e3o, detalhes\u2026) Caso o cliente mude as informa\u00e7\u00f5es descritas no formul\u00e1rio respondido ap\u00f3s o in\u00edcio do projeto, cobramos uma TAXA ADICIONAL no valor R$ 25,00.<\/p>\n<p><strong>Quais as formas de envio?<br \/>\n<\/strong>Os arquivos ser\u00e3o entregues nos formatos: JPEG, PNG (Fundo transparente), PDF e AI (edit\u00e1vel) via e-mail.<strong><br \/>\n<\/strong><\/p>\n<p><strong>Cores:<\/strong> As cores de impress\u00e3o podem variar dependendo do tipo de papel, impressora e computador. N\u00e3o garantimos fideliza\u00e7\u00e3o de cores em hip\u00f3tese alguma.<\/p>\n<p><strong>PRAZO \u2661<\/strong><\/p>\n<p>A partir da data agendada, damos um prazo de 5 \u00e0 10 dias \u00fateis para elabora\u00e7\u00e3o da arte. Caso o cliente solicite alguma altera\u00e7\u00e3o, o prazo \u00e9 aumentado.<\/p>\n","protected":false},"excerpt":{"rendered":"<p>Arquivo Digital | Monograma DESCRI\u00c7\u00c3O DO PRODUTO \u2661 (Nenhum produto f\u00edsico) Processo de Cria\u00e7\u00e3o \u00c9 necess\u00e1rio o agendamento? Sim! Trabalhamos sob agendamento, data para iniciar o projeto e data para entregar. (Agende a data atrav\u00e9s do WhatsApp, ap\u00f3s a confirma\u00e7\u00e3o do pagamento. Para consulta de data dispon\u00edvel, por favor entrar em contato para verifica\u00e7\u00e3o.) Esteja [&hellip;]<\/p>\n","protected":false},"featured_media":7480,"template":"","meta":{"site-sidebar-layout":"default","site-content-layout":"default","ast-site-content-layout":"default","site-content-style":"default","site-sidebar-style":"default","ast-global-header-display":"","ast-banner-title-visibility":"","ast-main-header-display":"","ast-hfb-above-header-display":"","ast-hfb-below-header-display":"","ast-hfb-mobile-header-display":"","site-post-title":"","ast-breadcrumbs-content":"","ast-featured-img":"","footer-sml-layout":"","theme-transparent-header-meta":"default","adv-header-id-meta":"","stick-header-meta":"","header-above-stick-meta":"","header-main-stick-meta":"","header-below-stick-meta":"","astra-migrate-meta-layouts":"set","ast-page-background-enabled":"default","ast-page-background-meta":{"desktop":{"background-color":"","background-image":"","background-repeat":"repeat","background-position":"center center","background-size":"auto","background-attachment":"scroll","background-type":"","background-media":"","overlay-type":"","overlay-color":"","overlay-opacity":"","overlay-gradient":""},"tablet":{"background-color":"","background-image":"","background-repeat":"repeat","background-position":"center center","background-size":"auto","background-attachment":"scroll","background-type":"","background-media":"","overlay-type":"","overlay-color":"","overlay-opacity":"","overlay-gradient":""},"mobile":{"background-color":"","background-image":"","background-repeat":"repeat","background-position":"center center","background-size":"auto","background-attachment":"scroll","background-type":"","background-media":"","overlay-type":"","overlay-color":"","overlay-opacity":"","overlay-gradient":""}},"ast-content-background-meta":{"desktop":{"background-color":"var(--ast-global-color-5)","background-image":"","background-repeat":"repeat","background-position":"center center","background-size":"auto","background-attachment":"scroll","background-type":"","background-media":"","overlay-type":"","overlay-color":"","overlay-opacity":"","overlay-gradient":""},"tablet":{"background-color":"var(--ast-global-color-5)","background-image":"","background-repeat":"repeat","background-position":"center center","background-size":"auto","background-attachment":"scroll","background-type":"","background-media":"","overlay-type":"","overlay-color":"","overlay-opacity":"","overlay-gradient":""},"mobile":{"background-color":"var(--ast-global-color-5)","background-image":"","background-repeat":"repeat","background-position":"center center","background-size":"auto","background-attachment":"scroll","background-type":"","background-media":"","overlay-type":"","overlay-color":"","overlay-opacity":"","overlay-gradient":""}}},"product_brand":[],"product_cat":[39],"product_tag":[292,418,417,419,406],"class_list":{"0":"post-7469","1":"product","2":"type-product","3":"status-publish","4":"has-post-thumbnail","6":"product_cat-arte-digital","7":"product_tag-monograma","8":"product_tag-monograma-baby","9":"product_tag-monograma-bebe","10":"product_tag-monograma-de-bebe","11":"product_tag-sb-affetive","12":"product_shipping_class-entrega-fisica-brasil","13":"desktop-align-left","14":"tablet-align-left","15":"mobile-align-left","17":"first","18":"instock","19":"virtual","20":"taxable","21":"purchasable","22":"product-type-simple"},"_links":{"self":[{"href":"https:\/\/sbdesigner.com.br\/index.php\/wp-json\/wp\/v2\/product\/7469","targetHints":{"allow":["GET"]}}],"collection":[{"href":"https:\/\/sbdesigner.com.br\/index.php\/wp-json\/wp\/v2\/product"}],"about":[{"href":"https:\/\/sbdesigner.com.br\/index.php\/wp-json\/wp\/v2\/types\/product"}],"version-history":[{"count":2,"href":"https:\/\/sbdesigner.com.br\/index.php\/wp-json\/wp\/v2\/product\/7469\/revisions"}],"predecessor-version":[{"id":7479,"href":"https:\/\/sbdesigner.com.br\/index.php\/wp-json\/wp\/v2\/product\/7469\/revisions\/7479"}],"wp:featuredmedia":[{"embeddable":true,"href":"https:\/\/sbdesigner.com.br\/index.php\/wp-json\/wp\/v2\/media\/7480"}],"wp:attachment":[{"href":"https:\/\/sbdesigner.com.br\/index.php\/wp-json\/wp\/v2\/media?parent=7469"}],"wp:term":[{"taxonomy":"product_brand","embeddable":true,"href":"https:\/\/sbdesigner.com.br\/index.php\/wp-json\/wp\/v2\/product_brand?post=7469"},{"taxonomy":"product_cat","embeddable":true,"href":"https:\/\/sbdesigner.com.br\/index.php\/wp-json\/wp\/v2\/product_cat?post=7469"},{"taxonomy":"product_tag","embeddable":true,"href":"https:\/\/sbdesigner.com.br\/index.php\/wp-json\/wp\/v2\/product_tag?post=7469"}],"curies":[{"name":"wp","href":"https:\/\/api.w.org\/{rel}","templated":true}]}}