{"id":7443,"date":"2025-04-15T11:15:07","date_gmt":"2025-04-15T14:15:07","guid":{"rendered":"https:\/\/sbdesigner.com.br\/?post_type=product&#038;p=7443"},"modified":"2026-04-18T11:14:55","modified_gmt":"2026-04-18T14:14:55","slug":"identidade-visual-casamento","status":"publish","type":"product","link":"https:\/\/sbdesigner.com.br\/index.php\/product\/identidade-visual-casamento\/","title":{"rendered":"Identidade Visual | Casamento"},"content":{"rendered":"<p><strong>Itens inclusos no pacote:<\/strong><\/p>\n<ul>\n<li>Monograma<\/li>\n<li>Assinatura dos noivos<\/li>\n<li>Elementos (florais ou ornamentais)<\/li>\n<li>Convite digital<\/li>\n<li>Design convite impresso<\/li>\n<li>Save the date<\/li>\n<li>Tipografia<\/li>\n<li>Paleta de Cores<\/li>\n<\/ul>\n<p><strong>O que significa cada item do pacote de Identidade Visual?<\/strong><\/p>\n<p>&nbsp;<\/p>\n<ul>\n<li><em><strong>Marca D\u2019\u00e1gua:<\/strong><\/em> \u00c9 o logotipo ou submarca, sobreposto em uma imagem com o fundo transparente. Assim, se torna poss\u00edvel visualizar a sua presen\u00e7a sem interromper ou impedir a vis\u00e3o da imagem na qual voc\u00ea protege. A ideia de colocar uma marca d&#8217;\u00e1gua em suas fotos, \u00e9 evitar que outras pessoas usem a sua imagem sem autoriza\u00e7\u00e3o.<\/li>\n<li><em><strong>Tipografia e Paleta de cores:<\/strong><\/em> S\u00e3o as fontes e c\u00f3digo de cores utilizados no projeto. Para que assim, possa ser seguido o padr\u00e3o da identidade visual em posts, sacolas, papelaria, entre outros.<\/li>\n<\/ul>\n<p><strong>Processo de Cria\u00e7\u00e3o<\/strong><\/p>\n<ul>\n<li><em>\u00c9 necess\u00e1rio o agendamento?<\/em><br \/>\nSim! Trabalhamos sob agendamento, data para iniciar o projeto e data para entregar.<br \/>\n(Agende a data atrav\u00e9s do WhatsApp, ap\u00f3s a confirma\u00e7\u00e3o do pagamento. Para consulta de data dispon\u00edvel, por favor entrar em contato para verifica\u00e7\u00e3o.) Esteja ciente que, a data s\u00f3 \u00e9 realmente agendada, ap\u00f3s a confirma\u00e7\u00e3o do pagamento. Favor, enviar o comprovante de pagamento via WhatsApp.<\/li>\n<\/ul>\n<p><strong>Como funciona?<\/strong><br \/>\nAp\u00f3s o cliente fazer a compra pelo site e confirmar o pagamento, n\u00f3s agendamos a data para iniciar o projeto e enviamos o briefing (que \u00e9 um question\u00e1rio). Com base nas respostas, n\u00f3s desenvolvemos o projeto. Ap\u00f3s desenvolvido uma pr\u00e9via, enviaremos para que o cliente analise e aprove. Caso n\u00e3o aprove de primeira, n\u00f3s fazemos as altera\u00e7\u00f5es solicitadas e enviamos novamente. Ap\u00f3s o projeto ser aprovado, enviamos todos os arquivos via e-mail.<\/p>\n<p><strong>Pode fazer altera\u00e7\u00f5es?<\/strong><br \/>\nPode sim! Podem ser feitas at\u00e9 3 altera\u00e7\u00f5es (Como cores, posi\u00e7\u00e3o, detalhes&#8230;) Caso o cliente mude as informa\u00e7\u00f5es descritas no formul\u00e1rio respondido pelo cliente ap\u00f3s o in\u00edcio do projeto, cobramos uma TAXA ADICIONAL no valor R$ 20,00.<\/p>\n<blockquote><p><em><strong>(\u00c9 muito importante responder o briefing detalhadamente, para que possamos entregar de acordo com o que voc\u00ea almeja.)<\/strong><\/em><\/p><\/blockquote>\n<p><strong>Quais as formas de envio?<\/strong><br \/>\n<em>Os arquivos ser\u00e3o entregues nos formatos: JPEG, PNG (Fundo transparente), PDF e AI (edit\u00e1vel) via e-mail.<\/em><\/p>\n<p><strong>Prazo<\/strong><\/p>\n<p>Prazo de entrega: At\u00e9 20 dias \u00fateis, ap\u00f3s a data agendada para iniciar. Caso o cliente solicite alguma altera\u00e7\u00e3o o prazo pode ser alterado.<\/p>\n","protected":false},"excerpt":{"rendered":"<p>Itens inclusos no pacote: Monograma Assinatura dos noivos Elementos (florais ou ornamentais) Convite digital Design convite impresso Save the date Tipografia Paleta de Cores O que significa cada item do pacote de Identidade Visual? &nbsp; Marca D\u2019\u00e1gua: \u00c9 o logotipo ou submarca, sobreposto em uma imagem com o fundo transparente. Assim, se torna poss\u00edvel visualizar [&hellip;]<\/p>\n","protected":false},"featured_media":0,"template":"","meta":{"site-sidebar-layout":"default","site-content-layout":"default","ast-site-content-layout":"default","site-content-style":"default","site-sidebar-style":"default","ast-global-header-display":"","ast-banner-title-visibility":"","ast-main-header-display":"","ast-hfb-above-header-display":"","ast-hfb-below-header-display":"","ast-hfb-mobile-header-display":"","site-post-title":"","ast-breadcrumbs-content":"","ast-featured-img":"","footer-sml-layout":"","theme-transparent-header-meta":"default","adv-header-id-meta":"","stick-header-meta":"","header-above-stick-meta":"","header-main-stick-meta":"","header-below-stick-meta":"","astra-migrate-meta-layouts":"set","ast-page-background-enabled":"default","ast-page-background-meta":{"desktop":{"background-color":"","background-image":"","background-repeat":"repeat","background-position":"center center","background-size":"auto","background-attachment":"scroll","background-type":"","background-media":"","overlay-type":"","overlay-color":"","overlay-opacity":"","overlay-gradient":""},"tablet":{"background-color":"","background-image":"","background-repeat":"repeat","background-position":"center center","background-size":"auto","background-attachment":"scroll","background-type":"","background-media":"","overlay-type":"","overlay-color":"","overlay-opacity":"","overlay-gradient":""},"mobile":{"background-color":"","background-image":"","background-repeat":"repeat","background-position":"center center","background-size":"auto","background-attachment":"scroll","background-type":"","background-media":"","overlay-type":"","overlay-color":"","overlay-opacity":"","overlay-gradient":""}},"ast-content-background-meta":{"desktop":{"background-color":"var(--ast-global-color-5)","background-image":"","background-repeat":"repeat","background-position":"center center","background-size":"auto","background-attachment":"scroll","background-type":"","background-media":"","overlay-type":"","overlay-color":"","overlay-opacity":"","overlay-gradient":""},"tablet":{"background-color":"var(--ast-global-color-5)","background-image":"","background-repeat":"repeat","background-position":"center center","background-size":"auto","background-attachment":"scroll","background-type":"","background-media":"","overlay-type":"","overlay-color":"","overlay-opacity":"","overlay-gradient":""},"mobile":{"background-color":"var(--ast-global-color-5)","background-image":"","background-repeat":"repeat","background-position":"center center","background-size":"auto","background-attachment":"scroll","background-type":"","background-media":"","overlay-type":"","overlay-color":"","overlay-opacity":"","overlay-gradient":""}}},"product_brand":[],"product_cat":[15,430],"product_tag":[290,407,408,292,293,416,406],"class_list":{"0":"post-7443","1":"product","2":"type-product","3":"status-publish","5":"product_cat-uncategorized","6":"product_cat-sb-affetive","7":"product_tag-casamento","8":"product_tag-convite","9":"product_tag-identidade-visual-casamento","10":"product_tag-monograma","11":"product_tag-monograma-casamento","12":"product_tag-monograma-de-casamento","13":"product_tag-sb-affetive","14":"desktop-align-left","15":"tablet-align-left","16":"mobile-align-left","18":"first","19":"instock","20":"virtual","21":"taxable","22":"purchasable","23":"product-type-simple"},"_links":{"self":[{"href":"https:\/\/sbdesigner.com.br\/index.php\/wp-json\/wp\/v2\/product\/7443","targetHints":{"allow":["GET"]}}],"collection":[{"href":"https:\/\/sbdesigner.com.br\/index.php\/wp-json\/wp\/v2\/product"}],"about":[{"href":"https:\/\/sbdesigner.com.br\/index.php\/wp-json\/wp\/v2\/types\/product"}],"version-history":[{"count":1,"href":"https:\/\/sbdesigner.com.br\/index.php\/wp-json\/wp\/v2\/product\/7443\/revisions"}],"predecessor-version":[{"id":7444,"href":"https:\/\/sbdesigner.com.br\/index.php\/wp-json\/wp\/v2\/product\/7443\/revisions\/7444"}],"wp:attachment":[{"href":"https:\/\/sbdesigner.com.br\/index.php\/wp-json\/wp\/v2\/media?parent=7443"}],"wp:term":[{"taxonomy":"product_brand","embeddable":true,"href":"https:\/\/sbdesigner.com.br\/index.php\/wp-json\/wp\/v2\/product_brand?post=7443"},{"taxonomy":"product_cat","embeddable":true,"href":"https:\/\/sbdesigner.com.br\/index.php\/wp-json\/wp\/v2\/product_cat?post=7443"},{"taxonomy":"product_tag","embeddable":true,"href":"https:\/\/sbdesigner.com.br\/index.php\/wp-json\/wp\/v2\/product_tag?post=7443"}],"curies":[{"name":"wp","href":"https:\/\/api.w.org\/{rel}","templated":true}]}}