{"id":7382,"date":"2025-03-10T18:41:54","date_gmt":"2025-03-10T21:41:54","guid":{"rendered":"https:\/\/sbdesigner.com.br\/?post_type=product&#038;p=7382"},"modified":"2025-03-10T19:26:10","modified_gmt":"2025-03-10T22:26:10","slug":"dtf-uv","status":"publish","type":"product","link":"https:\/\/sbdesigner.com.br\/index.php\/product\/dtf-uv\/","title":{"rendered":"DTF UV"},"content":{"rendered":"<p><strong>DESCRI\u00c7\u00c3O DO PRODUTO\u00a0 \u2661<\/strong><\/p>\n<p>Personalize voc\u00ea mesmo. O adesivo DTF \u00e9 um material f\u00e1cil de aplicar e bastante resistente \u00e0 \u00e1gua. Pode ser inserido em uma variedade de superf\u00edcies como vidros, pl\u00e1sticos, entre outros. Imprimimos na folha A4, voc\u00ea corta na tesoura e aplica.<\/p>\n<p><strong>Folha A4 \/ tamanho aproximado<\/strong>: 28,5c21cm<\/p>\n<p><strong>Quantos adesivos cabem nessa folha?<\/strong> Ent\u00e3o, vai depender do tamanho escolhido de cada adesivo. Se forem pequenos, cabem bastantes, caso sejam m\u00e9dios cabem uma boa quantidade e se forem grandes, cabem menos. Vai de acordo com a medida de cada adesivo.<\/p>\n<p><strong>Remo\u00e7\u00e3o<\/strong>: Uma vez aplicado, o adesivo n\u00e3o pode ser removido sem danific\u00e1-lo.<\/p>\n<p><strong>Todas as artes precisam ser iguais?<\/strong> N\u00e3o! As artes podem ser diferentes, voc\u00ea pode escolher uma quantidade x de uma cor, x de outra, x em outro formato. Contanto que seja enviado em formato vetorizado\/sem fundo\/pdf. (envia para a gente antes de efetuar a compra, assim conseguimos te dar a certeza que \u00e9 poss\u00edvel utilizar)<\/p>\n<p><strong>PROCESSO DE CRIA\u00c7\u00c3O \u2661<\/strong><\/p>\n<blockquote><p><em><strong>LOGOTIPO:<\/strong> Caso seja com logotipo, \u00e9 necess\u00e1rio que o cliente possua o logo em vetor para a cria\u00e7\u00e3o deste produto nos formatos: Illustrator ou EPS. N\u00e3o aceitamos em JPEG (imagem). Caso tenha PDF ou PNG, pode ser enviado antes para que possamos verificar se \u00e9 poss\u00edvel utiliz\u00e1-lo.\u00a0<\/em><\/p><\/blockquote>\n<p><strong>Cores:<\/strong> As cores de impress\u00e3o podem variar dependendo do tipo de material, impressora e computador. N\u00e3o garantimos fidelidade de cores em nenhuma hip\u00f3tese. Os impressos poder\u00e3o apresentar varia\u00e7\u00e3o de intensidade e tonalidade das cores, em rela\u00e7\u00e3o ao monitor ou \u00e0 prova impressa, bem como em rela\u00e7\u00e3o \u00e0s reimpress\u00f5es.<\/p>\n<p><strong>PRAZO \u2661<\/strong><\/p>\n<p>At\u00e9 3 dias \u00fateis para a elabora\u00e7\u00e3o da arte e envio para o cliente aprovar + 3 a 5 dias \u00fateis para a produ\u00e7\u00e3o do material + prazo do transporte para entrega.<\/p>\n","protected":false},"excerpt":{"rendered":"<p>DESCRI\u00c7\u00c3O DO PRODUTO\u00a0 \u2661 Personalize voc\u00ea mesmo. O adesivo DTF \u00e9 um material f\u00e1cil de aplicar e bastante resistente \u00e0 \u00e1gua. Pode ser inserido em uma variedade de superf\u00edcies como vidros, pl\u00e1sticos, entre outros. Imprimimos na folha A4, voc\u00ea corta na tesoura e aplica. Folha A4 \/ tamanho aproximado: 28,5c21cm Quantos adesivos cabem nessa folha? [&hellip;]<\/p>\n","protected":false},"featured_media":7395,"template":"","meta":{"site-sidebar-layout":"default","site-content-layout":"default","ast-site-content-layout":"default","site-content-style":"default","site-sidebar-style":"default","ast-global-header-display":"","ast-banner-title-visibility":"","ast-main-header-display":"","ast-hfb-above-header-display":"","ast-hfb-below-header-display":"","ast-hfb-mobile-header-display":"","site-post-title":"","ast-breadcrumbs-content":"","ast-featured-img":"","footer-sml-layout":"","theme-transparent-header-meta":"default","adv-header-id-meta":"","stick-header-meta":"","header-above-stick-meta":"","header-main-stick-meta":"","header-below-stick-meta":"","astra-migrate-meta-layouts":"set","ast-page-background-enabled":"default","ast-page-background-meta":{"desktop":{"background-color":"","background-image":"","background-repeat":"repeat","background-position":"center center","background-size":"auto","background-attachment":"scroll","background-type":"","background-media":"","overlay-type":"","overlay-color":"","overlay-opacity":"","overlay-gradient":""},"tablet":{"background-color":"","background-image":"","background-repeat":"repeat","background-position":"center center","background-size":"auto","background-attachment":"scroll","background-type":"","background-media":"","overlay-type":"","overlay-color":"","overlay-opacity":"","overlay-gradient":""},"mobile":{"background-color":"","background-image":"","background-repeat":"repeat","background-position":"center center","background-size":"auto","background-attachment":"scroll","background-type":"","background-media":"","overlay-type":"","overlay-color":"","overlay-opacity":"","overlay-gradient":""}},"ast-content-background-meta":{"desktop":{"background-color":"var(--ast-global-color-5)","background-image":"","background-repeat":"repeat","background-position":"center center","background-size":"auto","background-attachment":"scroll","background-type":"","background-media":"","overlay-type":"","overlay-color":"","overlay-opacity":"","overlay-gradient":""},"tablet":{"background-color":"var(--ast-global-color-5)","background-image":"","background-repeat":"repeat","background-position":"center center","background-size":"auto","background-attachment":"scroll","background-type":"","background-media":"","overlay-type":"","overlay-color":"","overlay-opacity":"","overlay-gradient":""},"mobile":{"background-color":"var(--ast-global-color-5)","background-image":"","background-repeat":"repeat","background-position":"center center","background-size":"auto","background-attachment":"scroll","background-type":"","background-media":"","overlay-type":"","overlay-color":"","overlay-opacity":"","overlay-gradient":""}}},"product_brand":[],"product_cat":[46],"product_tag":[43,397,398,53,395,396,50,399],"class_list":{"0":"post-7382","1":"product","2":"type-product","3":"status-publish","4":"has-post-thumbnail","6":"product_cat-brindes","7":"product_tag-adesivo","8":"product_tag-adesivo-dtf","9":"product_tag-adesivo-dtf-uv","10":"product_tag-brindes","11":"product_tag-dtf","12":"product_tag-dtf-uv","13":"product_tag-papelaria-personalizada","14":"product_tag-uv","15":"product_shipping_class-entrega-fisica-brasil","16":"desktop-align-left","17":"tablet-align-left","18":"mobile-align-left","20":"first","21":"instock","22":"taxable","23":"shipping-taxable","24":"purchasable","25":"product-type-simple"},"_links":{"self":[{"href":"https:\/\/sbdesigner.com.br\/index.php\/wp-json\/wp\/v2\/product\/7382","targetHints":{"allow":["GET"]}}],"collection":[{"href":"https:\/\/sbdesigner.com.br\/index.php\/wp-json\/wp\/v2\/product"}],"about":[{"href":"https:\/\/sbdesigner.com.br\/index.php\/wp-json\/wp\/v2\/types\/product"}],"version-history":[{"count":9,"href":"https:\/\/sbdesigner.com.br\/index.php\/wp-json\/wp\/v2\/product\/7382\/revisions"}],"predecessor-version":[{"id":7397,"href":"https:\/\/sbdesigner.com.br\/index.php\/wp-json\/wp\/v2\/product\/7382\/revisions\/7397"}],"wp:featuredmedia":[{"embeddable":true,"href":"https:\/\/sbdesigner.com.br\/index.php\/wp-json\/wp\/v2\/media\/7395"}],"wp:attachment":[{"href":"https:\/\/sbdesigner.com.br\/index.php\/wp-json\/wp\/v2\/media?parent=7382"}],"wp:term":[{"taxonomy":"product_brand","embeddable":true,"href":"https:\/\/sbdesigner.com.br\/index.php\/wp-json\/wp\/v2\/product_brand?post=7382"},{"taxonomy":"product_cat","embeddable":true,"href":"https:\/\/sbdesigner.com.br\/index.php\/wp-json\/wp\/v2\/product_cat?post=7382"},{"taxonomy":"product_tag","embeddable":true,"href":"https:\/\/sbdesigner.com.br\/index.php\/wp-json\/wp\/v2\/product_tag?post=7382"}],"curies":[{"name":"wp","href":"https:\/\/api.w.org\/{rel}","templated":true}]}}