{"id":7101,"date":"2024-10-22T13:41:50","date_gmt":"2024-10-22T16:41:50","guid":{"rendered":"https:\/\/sbdesigner.com.br\/?post_type=product&#038;p=7101"},"modified":"2026-03-02T10:29:34","modified_gmt":"2026-03-02T13:29:34","slug":"agenda-personalizada-2026","status":"publish","type":"product","link":"https:\/\/sbdesigner.com.br\/index.php\/product\/agenda-personalizada-2026\/","title":{"rendered":"Agenda Personalizada | 2026"},"content":{"rendered":"<p><strong>No pix, a agenda sai a aprox R$ 94,90<\/strong><\/p>\n<p>INFORMA\u00c7\u00d5ES DO MIOLO:<\/p>\n<p>&#8211; Dados pessoais e Dados Profissionais<br \/>\n&#8211; Calend\u00e1rio 2025, 2026 e 2027<br \/>\n&#8211; Planejamento Anual<br \/>\n&#8211; Maiores conquistas<br \/>\n&#8211; Roda da Vida inicial e Roda da Vida final<br \/>\n&#8211; Metas<br \/>\n&#8211; Controle de h\u00e1bitos<br \/>\n&#8211; Entradas e sa\u00eddas do dia<br \/>\n&#8211; Anota\u00e7\u00f5es<br \/>\n&#8211; Controle Financeiro<br \/>\n&#8211; 1 dia por p\u00e1gina e final de semana em uma p\u00e1gina<br \/>\n&#8211; 371 p\u00e1ginas (aprox 186 folhas)<\/p>\n<p><strong>DESCRI\u00c7\u00c3O DO PRODUTO\u00a0 \u2661<\/strong><\/p>\n<p><strong>Capa Dura<\/strong>: Personalizada<br \/>\n<strong>Papel Sulfite<\/strong>: Gramatura 75g<br \/>\n<strong>Tamanho<\/strong>: A5 ( 14,8x21cm )<br \/>\n<strong>Quais cores podem ser o miolo<\/strong>:\u00a0 Rosa<br \/>\n<strong>Wire-o<\/strong>: Branco, preto ou bronze. Colocaremos o que combinar ou estiver dispon\u00edvel, n\u00e3o \u00e9 poss\u00edvel escolher.<br \/>\n<strong>El\u00e1stico<\/strong>: Colocaremos o que combinar com a capa. N\u00e3o \u00e9 poss\u00edvel escolher.<\/p>\n<p>&nbsp;<\/p>\n<p><strong>PROCESSO DE CRIA\u00c7\u00c3O \u2661<\/strong><\/p>\n<blockquote><p><em><strong>IMPORTANTE:<\/strong> \u00c9 necess\u00e1rio que o cliente possua um logotipo edit\u00e1vel para a cria\u00e7\u00e3o deste produto nos formatos: Illustrator ou EPS. N\u00e3o aceitamos em JPEG (imagem). Caso o cliente n\u00e3o possua um logotipo e tenha interesse em criar um, ele pode ir na categoria de &#8220;Identidade Visual&#8221; do nosso site e conferir os nossos pacotes.<\/em><\/p><\/blockquote>\n<p><strong>Cores:<\/strong> As cores de impress\u00e3o podem variar dependendo do tipo de papel, impressora e computador. N\u00e3o garantimos fidelidade de cores em nenhuma hip\u00f3tese. Os impressos poder\u00e3o apresentar varia\u00e7\u00e3o de intensidade e tonalidade das cores, em rela\u00e7\u00e3o ao monitor ou \u00e0 prova impressa, bem como em rela\u00e7\u00e3o \u00e0s reimpress\u00f5es.<\/p>\n<p><strong>PRAZO \u2661<\/strong><\/p>\n<p>4 dias \u00fateis para a elabora\u00e7\u00e3o da arte e envio para o cliente aprovar + 10 \u00e0 15 dias \u00fateis para a produ\u00e7\u00e3o do material (caso tenha altera\u00e7\u00f5es por parte do cliente o prazo pode aumentar) + prazo do transporte para entrega.<\/p>\n","protected":false},"excerpt":{"rendered":"<p>No pix, a agenda sai a aprox R$ 94,90 INFORMA\u00c7\u00d5ES DO MIOLO: &#8211; Dados pessoais e Dados Profissionais &#8211; Calend\u00e1rio 2025, 2026 e 2027 &#8211; Planejamento Anual &#8211; Maiores conquistas &#8211; Roda da Vida inicial e Roda da Vida final &#8211; Metas &#8211; Controle de h\u00e1bitos &#8211; Entradas e sa\u00eddas do dia &#8211; Anota\u00e7\u00f5es &#8211; [&hellip;]<\/p>\n","protected":false},"featured_media":7730,"template":"","meta":{"site-sidebar-layout":"default","site-content-layout":"default","ast-site-content-layout":"default","site-content-style":"default","site-sidebar-style":"default","ast-global-header-display":"","ast-banner-title-visibility":"","ast-main-header-display":"","ast-hfb-above-header-display":"","ast-hfb-below-header-display":"","ast-hfb-mobile-header-display":"","site-post-title":"","ast-breadcrumbs-content":"","ast-featured-img":"","footer-sml-layout":"","theme-transparent-header-meta":"default","adv-header-id-meta":"","stick-header-meta":"","header-above-stick-meta":"","header-main-stick-meta":"","header-below-stick-meta":"","astra-migrate-meta-layouts":"set","ast-page-background-enabled":"default","ast-page-background-meta":{"desktop":{"background-color":"","background-image":"","background-repeat":"repeat","background-position":"center center","background-size":"auto","background-attachment":"scroll","background-type":"","background-media":"","overlay-type":"","overlay-color":"","overlay-opacity":"","overlay-gradient":""},"tablet":{"background-color":"","background-image":"","background-repeat":"repeat","background-position":"center center","background-size":"auto","background-attachment":"scroll","background-type":"","background-media":"","overlay-type":"","overlay-color":"","overlay-opacity":"","overlay-gradient":""},"mobile":{"background-color":"","background-image":"","background-repeat":"repeat","background-position":"center center","background-size":"auto","background-attachment":"scroll","background-type":"","background-media":"","overlay-type":"","overlay-color":"","overlay-opacity":"","overlay-gradient":""}},"ast-content-background-meta":{"desktop":{"background-color":"var(--ast-global-color-5)","background-image":"","background-repeat":"repeat","background-position":"center center","background-size":"auto","background-attachment":"scroll","background-type":"","background-media":"","overlay-type":"","overlay-color":"","overlay-opacity":"","overlay-gradient":""},"tablet":{"background-color":"var(--ast-global-color-5)","background-image":"","background-repeat":"repeat","background-position":"center center","background-size":"auto","background-attachment":"scroll","background-type":"","background-media":"","overlay-type":"","overlay-color":"","overlay-opacity":"","overlay-gradient":""},"mobile":{"background-color":"var(--ast-global-color-5)","background-image":"","background-repeat":"repeat","background-position":"center center","background-size":"auto","background-attachment":"scroll","background-type":"","background-media":"","overlay-type":"","overlay-color":"","overlay-opacity":"","overlay-gradient":""}}},"product_brand":[],"product_cat":[62],"product_tag":[479,67,338,337,470,339,175,340,477,176,341,476,68,50],"class_list":{"0":"post-7101","1":"product","2":"type-product","3":"status-publish","4":"has-post-thumbnail","6":"product_cat-encardenacao","7":"product_tag-479","8":"product_tag-agenda","9":"product_tag-agenda-2025","10":"product_tag-agenda-20255","11":"product_tag-agenda-2026","12":"product_tag-agenda-de-2025","13":"product_tag-agenda-masculina","14":"product_tag-agenda-personalizada-2025","15":"product_tag-agenda-personalizada-2026","16":"product_tag-agenda-preta","17":"product_tag-agendamento-2025","18":"product_tag-agendas-2026","19":"product_tag-encadernacao","20":"product_tag-papelaria-personalizada","21":"product_shipping_class-entrega-fisica-brasil","22":"desktop-align-left","23":"tablet-align-left","24":"mobile-align-left","26":"first","27":"instock","28":"sale","29":"taxable","30":"shipping-taxable","31":"purchasable","32":"product-type-simple"},"_links":{"self":[{"href":"https:\/\/sbdesigner.com.br\/index.php\/wp-json\/wp\/v2\/product\/7101","targetHints":{"allow":["GET"]}}],"collection":[{"href":"https:\/\/sbdesigner.com.br\/index.php\/wp-json\/wp\/v2\/product"}],"about":[{"href":"https:\/\/sbdesigner.com.br\/index.php\/wp-json\/wp\/v2\/types\/product"}],"version-history":[{"count":6,"href":"https:\/\/sbdesigner.com.br\/index.php\/wp-json\/wp\/v2\/product\/7101\/revisions"}],"predecessor-version":[{"id":7758,"href":"https:\/\/sbdesigner.com.br\/index.php\/wp-json\/wp\/v2\/product\/7101\/revisions\/7758"}],"wp:featuredmedia":[{"embeddable":true,"href":"https:\/\/sbdesigner.com.br\/index.php\/wp-json\/wp\/v2\/media\/7730"}],"wp:attachment":[{"href":"https:\/\/sbdesigner.com.br\/index.php\/wp-json\/wp\/v2\/media?parent=7101"}],"wp:term":[{"taxonomy":"product_brand","embeddable":true,"href":"https:\/\/sbdesigner.com.br\/index.php\/wp-json\/wp\/v2\/product_brand?post=7101"},{"taxonomy":"product_cat","embeddable":true,"href":"https:\/\/sbdesigner.com.br\/index.php\/wp-json\/wp\/v2\/product_cat?post=7101"},{"taxonomy":"product_tag","embeddable":true,"href":"https:\/\/sbdesigner.com.br\/index.php\/wp-json\/wp\/v2\/product_tag?post=7101"}],"curies":[{"name":"wp","href":"https:\/\/api.w.org\/{rel}","templated":true}]}}