{"id":5755,"date":"2022-08-01T10:33:59","date_gmt":"2022-08-01T13:33:59","guid":{"rendered":"https:\/\/sbdesigner.com.br\/?post_type=product&#038;p=5755"},"modified":"2026-04-18T11:22:51","modified_gmt":"2026-04-18T14:22:51","slug":"caderneta-da-saude","status":"publish","type":"product","link":"https:\/\/sbdesigner.com.br\/index.php\/product\/caderneta-da-saude\/","title":{"rendered":"Caderneta da Sa\u00fade"},"content":{"rendered":"<p><strong>DESCRI\u00c7\u00c3O DO PRODUTO \u2661<\/strong><\/p>\n<p>Capa Dura personalizada<br \/>\nPapel Sulfite: Gramatura 90g<br \/>\nTamanho: A5 ( 14,8x21cm )<br \/>\nMiolo: Padr\u00e3o<br \/>\nWire-o: Branco ou bronze. Colocaremos o que combinar ou estiver dispon\u00edvel, n\u00e3o \u00e9 poss\u00edvel escolher.<br \/>\nEl\u00e1stico: Colocaremos o que combinar. N\u00e3o \u00e9 poss\u00edvel escolher.<br \/>\nAcabamento Hologr\u00e1fico: Colocaremos o que estiver dispon\u00edvel, seja ele caquinhos ou confete.<\/p>\n<p>INFORMA\u00c7\u00d5ES DO MIOLO:<br \/>\n&#8211; 5 folhas para anota\u00e7\u00e3o de consulta<br \/>\n&#8211; 5 folhas para anota\u00e7\u00f5es.<br \/>\n&#8211; Caderneta da Crian\u00e7a oficial do Minist\u00e9rio da Sa\u00fade (vers\u00e3o mais atualizada)<\/p>\n<p><strong>PROCESSO DE CRIA\u00c7\u00c3O \u2661<\/strong><\/p>\n<p><strong>Cores:<\/strong> As cores de impress\u00e3o podem variar dependendo do tipo de papel, impressora e computador. N\u00e3o garantimos fidelidade de cores em nenhuma hip\u00f3tese. Os impressos poder\u00e3o apresentar varia\u00e7\u00e3o de intensidade e tonalidade das cores, em rela\u00e7\u00e3o ao monitor ou \u00e0 prova impressa, bem como em rela\u00e7\u00e3o \u00e0s reimpress\u00f5es.<\/p>\n<p><strong>PRAZO \u2661<\/strong><\/p>\n<p>4 dias \u00fateis para a elabora\u00e7\u00e3o da arte e envio para o cliente aprovar + 10 \u00e0 15 dias \u00fateis para a produ\u00e7\u00e3o do material (caso tenha altera\u00e7\u00f5es por parte do cliente o prazo pode aumentar) + prazo do transporte para entrega.<\/p>\n","protected":false},"excerpt":{"rendered":"<p>DESCRI\u00c7\u00c3O DO PRODUTO \u2661 Capa Dura personalizada Papel Sulfite: Gramatura 90g Tamanho: A5 ( 14,8x21cm ) Miolo: Padr\u00e3o Wire-o: Branco ou bronze. Colocaremos o que combinar ou estiver dispon\u00edvel, n\u00e3o \u00e9 poss\u00edvel escolher. El\u00e1stico: Colocaremos o que combinar. N\u00e3o \u00e9 poss\u00edvel escolher. Acabamento Hologr\u00e1fico: Colocaremos o que estiver dispon\u00edvel, seja ele caquinhos ou confete. INFORMA\u00c7\u00d5ES [&hellip;]<\/p>\n","protected":false},"featured_media":7465,"template":"","meta":{"site-sidebar-layout":"default","site-content-layout":"default","ast-site-content-layout":"default","site-content-style":"default","site-sidebar-style":"default","ast-global-header-display":"","ast-banner-title-visibility":"","ast-main-header-display":"","ast-hfb-above-header-display":"","ast-hfb-below-header-display":"","ast-hfb-mobile-header-display":"","site-post-title":"","ast-breadcrumbs-content":"","ast-featured-img":"","footer-sml-layout":"","theme-transparent-header-meta":"default","adv-header-id-meta":"","stick-header-meta":"","header-above-stick-meta":"","header-main-stick-meta":"","header-below-stick-meta":"","astra-migrate-meta-layouts":"set","ast-page-background-enabled":"default","ast-page-background-meta":{"desktop":{"background-color":"","background-image":"","background-repeat":"repeat","background-position":"center center","background-size":"auto","background-attachment":"scroll","background-type":"","background-media":"","overlay-type":"","overlay-color":"","overlay-opacity":"","overlay-gradient":""},"tablet":{"background-color":"","background-image":"","background-repeat":"repeat","background-position":"center center","background-size":"auto","background-attachment":"scroll","background-type":"","background-media":"","overlay-type":"","overlay-color":"","overlay-opacity":"","overlay-gradient":""},"mobile":{"background-color":"","background-image":"","background-repeat":"repeat","background-position":"center center","background-size":"auto","background-attachment":"scroll","background-type":"","background-media":"","overlay-type":"","overlay-color":"","overlay-opacity":"","overlay-gradient":""}},"ast-content-background-meta":{"desktop":{"background-color":"var(--ast-global-color-5)","background-image":"","background-repeat":"repeat","background-position":"center center","background-size":"auto","background-attachment":"scroll","background-type":"","background-media":"","overlay-type":"","overlay-color":"","overlay-opacity":"","overlay-gradient":""},"tablet":{"background-color":"var(--ast-global-color-5)","background-image":"","background-repeat":"repeat","background-position":"center center","background-size":"auto","background-attachment":"scroll","background-type":"","background-media":"","overlay-type":"","overlay-color":"","overlay-opacity":"","overlay-gradient":""},"mobile":{"background-color":"var(--ast-global-color-5)","background-image":"","background-repeat":"repeat","background-position":"center center","background-size":"auto","background-attachment":"scroll","background-type":"","background-media":"","overlay-type":"","overlay-color":"","overlay-opacity":"","overlay-gradient":""}}},"product_brand":[],"product_cat":[15,430],"product_tag":[72,73,409,413,414,267,269,410,415,406,268],"class_list":{"0":"post-5755","1":"product","2":"type-product","3":"status-publish","4":"has-post-thumbnail","6":"product_cat-uncategorized","7":"product_cat-sb-affetive","8":"product_tag-baby","9":"product_tag-bebe","10":"product_tag-caderneta-bebe","11":"product_tag-caderneta-da-saude","12":"product_tag-caderneta-de-saude","13":"product_tag-caderneta-de-vacinacao","14":"product_tag-caderneta-do-bebe","15":"product_tag-encadernacao-sb-affetive","16":"product_tag-maternidade","17":"product_tag-sb-affetive","18":"product_tag-vacinacao","19":"product_shipping_class-entrega-fisica-brasil","20":"desktop-align-left","21":"tablet-align-left","22":"mobile-align-left","24":"first","25":"instock","26":"taxable","27":"shipping-taxable","28":"purchasable","29":"product-type-variable"},"_links":{"self":[{"href":"https:\/\/sbdesigner.com.br\/index.php\/wp-json\/wp\/v2\/product\/5755","targetHints":{"allow":["GET"]}}],"collection":[{"href":"https:\/\/sbdesigner.com.br\/index.php\/wp-json\/wp\/v2\/product"}],"about":[{"href":"https:\/\/sbdesigner.com.br\/index.php\/wp-json\/wp\/v2\/types\/product"}],"version-history":[{"count":3,"href":"https:\/\/sbdesigner.com.br\/index.php\/wp-json\/wp\/v2\/product\/5755\/revisions"}],"predecessor-version":[{"id":7467,"href":"https:\/\/sbdesigner.com.br\/index.php\/wp-json\/wp\/v2\/product\/5755\/revisions\/7467"}],"wp:featuredmedia":[{"embeddable":true,"href":"https:\/\/sbdesigner.com.br\/index.php\/wp-json\/wp\/v2\/media\/7465"}],"wp:attachment":[{"href":"https:\/\/sbdesigner.com.br\/index.php\/wp-json\/wp\/v2\/media?parent=5755"}],"wp:term":[{"taxonomy":"product_brand","embeddable":true,"href":"https:\/\/sbdesigner.com.br\/index.php\/wp-json\/wp\/v2\/product_brand?post=5755"},{"taxonomy":"product_cat","embeddable":true,"href":"https:\/\/sbdesigner.com.br\/index.php\/wp-json\/wp\/v2\/product_cat?post=5755"},{"taxonomy":"product_tag","embeddable":true,"href":"https:\/\/sbdesigner.com.br\/index.php\/wp-json\/wp\/v2\/product_tag?post=5755"}],"curies":[{"name":"wp","href":"https:\/\/api.w.org\/{rel}","templated":true}]}}

Caderneta da Saúde

<p><strong>DESCRIÇÃO DO PRODUTO ♡</strong></p>
<p>Capa Dura personalizada<br />
Papel Sulfite: Gramatura 90g<br />
Tamanho: A5 ( 14,8x21cm )<br />
Miolo: Padrão<br />
Wire-o: Branco ou bronze. Colocaremos o que combinar ou estiver disponível, não é possível escolher.<br />
Elástico: Colocaremos o que combinar. Não é possível escolher.<br />
Acabamento Holográfico: Colocaremos o que estiver disponível, seja ele caquinhos ou confete.</p>
<p>INFORMAÇÕES DO MIOLO:<br />
&#8211; 5 folhas para anotação de consulta<br />
&#8211; 5 folhas para anotações.<br />
&#8211; Caderneta da Criança oficial do Ministério da Saúde (versão mais atualizada)</p>
<p><strong>PROCESSO DE CRIAÇÃO ♡</strong></p>
<p><strong>Cores:</strong> As cores de impressão podem variar dependendo do tipo de papel, impressora e computador. Não garantimos fidelidade de cores em nenhuma hipótese. Os impressos poderão apresentar variação de intensidade e tonalidade das cores, em relação ao monitor ou à prova impressa, bem como em relação às reimpressões.</p>
<p><strong>PRAZO ♡</strong></p>
<p>4 dias úteis para a elaboração da arte e envio para o cliente aprovar + 10 à 15 dias úteis para a produção do material (caso tenha alterações por parte do cliente o prazo pode aumentar) + prazo do transporte para entrega.</p>

<p>DESCRIÇÃO DO PRODUTO ♡ Capa Dura personalizada Papel Sulfite: Gramatura 90g Tamanho: A5 ( 14,8x21cm ) Miolo: Padrão Wire-o: Branco ou bronze. Colocaremos o que combinar ou estiver disponível, não é possível escolher. Elástico: Colocaremos o que combinar. Não é possível escolher. Acabamento Holográfico: Colocaremos o que estiver disponível, seja ele caquinhos ou confete. INFORMAÇÕES [&hellip;]</p>
